{"id":7,"date":"2020-12-14T12:07:50","date_gmt":"2020-12-14T12:07:50","guid":{"rendered":"http:\/\/krzymark.pl\/blog\/?page_id=7"},"modified":"2021-12-06T11:47:26","modified_gmt":"2021-12-06T10:47:26","slug":"kontakt","status":"publish","type":"page","link":"https:\/\/krzymark.pl\/blog\/kontakt\/","title":{"rendered":"Kontakt"},"content":{"rendered":"\n<h3 class=\"has-text-align-center wp-block-heading\"><strong>Zapraszamy do&nbsp;kontaktu:&nbsp;<\/strong><\/h3>\n\n\n\n<p class=\"has-text-align-center has-black-color has-text-color\"><strong>KRZYMARK<\/strong><br>ul. Nizinna 22a, 93-479 \u0141\u00f3d\u017a<\/p>\n\n\n\n<p class=\"has-text-align-center has-black-color has-text-color\"><a href=\"https:\/\/krzymark.pl\/\"><span class=\"has-inline-color has-luminous-vivid-orange-color\"><strong>www.krzymark.pl<\/strong><\/span><\/a><br>Tel.: <strong>+42 273 33 53<\/strong><br>E-mail: <strong>sklep@krzymark.pl<br><\/strong>Godziny otwarcia: Poniedzia\u0142ek \u2013 Pi\u0105tek: 07.00 \u2013 16.50, Sobota-Niedziela: nieczynne<\/p>\n\n\n\n<p><strong>Reklamacje i zwroty<\/strong><\/p>\n\n\n\n<p>W sprawie reklamacji oraz zwrot\u00f3w, prosimy o zapoznianie si\u0119 z <a href=\"https:\/\/krzymark.pl\/zwroty-reklamacje\">poni\u017cszymi informacjami<\/a>.<\/p>\n\n\n\n<p><center><iframe loading=\"lazy\" src=\"https:\/\/www.google.com\/maps\/embed?pb=!1m18!1m12!1m3!1d2471.174712287188!2d19.42380895096465!3d51.729839702136516!2m3!1f0!2f0!3f0!3m2!1i1024!2i768!4f13.1!3m3!1m2!1s0x471a35010f2c75df%3A0x19221523601e1b2c!2sKrzymark!5e0!3m2!1spl!2spl!4v1450606407969\" width=\"1008\" height=\"300\" frameborder=\"0\" style=\"border:0\"><\/iframe><\/center><\/p>\n","protected":false},"excerpt":{"rendered":"<p>Zapraszamy do&nbsp;kontaktu:&nbsp; KRZYMARKul. Nizinna 22a, 93-479 \u0141\u00f3d\u017a www.krzymark.plTel.: +42 273 33 53E-mail: sklep@krzymark.plGodziny otwarcia: Poniedzia\u0142ek \u2013 Pi\u0105tek: 07.00 \u2013 16.50, Sobota-Niedziela: nieczynne Reklamacje i zwroty W sprawie reklamacji oraz zwrot\u00f3w, prosimy o zapoznianie si\u0119 z poni\u017cszymi informacjami.<\/p>\n","protected":false},"author":1,"featured_media":0,"parent":0,"menu_order":0,"comment_status":"closed","ping_status":"closed","template":"","meta":{"footnotes":""},"class_list":["post-7","page","type-page","status-publish","hentry"],"yoast_head":"<!-- This site is optimized with the Yoast SEO plugin v24.7 - https:\/\/yoast.com\/wordpress\/plugins\/seo\/ -->\n<title>Kontakt - Blog - Krzymark \u2606\u2606\u2606 Elektronika, Gad\u017cety, Laptopy, Telefony<\/title>\n<meta name=\"robots\" content=\"index, follow, max-snippet:-1, max-image-preview:large, max-video-preview:-1\" \/>\n<link rel=\"canonical\" href=\"https:\/\/krzymark.pl\/blog\/kontakt\/\" \/>\n<meta property=\"og:locale\" content=\"pl_PL\" \/>\n<meta property=\"og:type\" content=\"article\" \/>\n<meta property=\"og:title\" content=\"Kontakt - Blog - Krzymark \u2606\u2606\u2606 Elektronika, Gad\u017cety, Laptopy, Telefony\" \/>\n<meta property=\"og:description\" content=\"Zapraszamy do&nbsp;kontaktu:&nbsp; KRZYMARKul. Nizinna 22a, 93-479 \u0141\u00f3d\u017a www.krzymark.plTel.: +42 273 33 53E-mail: sklep@krzymark.plGodziny otwarcia: Poniedzia\u0142ek \u2013 Pi\u0105tek: 07.00 \u2013 16.50, Sobota-Niedziela: nieczynne Reklamacje i zwroty W sprawie reklamacji oraz zwrot\u00f3w, prosimy o zapoznianie si\u0119 z poni\u017cszymi informacjami.\" \/>\n<meta property=\"og:url\" content=\"https:\/\/krzymark.pl\/blog\/kontakt\/\" \/>\n<meta property=\"og:site_name\" content=\"Blog - Krzymark \u2606\u2606\u2606 Elektronika, Gad\u017cety, Laptopy, Telefony\" \/>\n<meta property=\"article:publisher\" content=\"https:\/\/www.facebook.com\/KrzymarkPL\" \/>\n<meta property=\"article:modified_time\" content=\"2021-12-06T10:47:26+00:00\" \/>\n<meta property=\"og:image\" content=\"https:\/\/krzymark.pl\/blog\/wp-content\/uploads\/2020\/12\/LOGO.png\" \/>\n\t<meta property=\"og:image:width\" content=\"200\" \/>\n\t<meta property=\"og:image:height\" content=\"72\" \/>\n\t<meta property=\"og:image:type\" content=\"image\/png\" \/>\n<meta name=\"twitter:card\" content=\"summary_large_image\" \/>\n<meta name=\"twitter:site\" content=\"@krzymarkpl\" \/>\n<script type=\"application\/ld+json\" class=\"yoast-schema-graph\">{\"@context\":\"https:\/\/schema.org\",\"@graph\":[{\"@type\":\"WebPage\",\"@id\":\"https:\/\/krzymark.pl\/blog\/kontakt\/\",\"url\":\"https:\/\/krzymark.pl\/blog\/kontakt\/\",\"name\":\"Kontakt - Blog - Krzymark \u2606\u2606\u2606 Elektronika, Gad\u017cety, Laptopy, Telefony\",\"isPartOf\":{\"@id\":\"https:\/\/krzymark.pl\/blog\/#website\"},\"datePublished\":\"2020-12-14T12:07:50+00:00\",\"dateModified\":\"2021-12-06T10:47:26+00:00\",\"breadcrumb\":{\"@id\":\"https:\/\/krzymark.pl\/blog\/kontakt\/#breadcrumb\"},\"inLanguage\":\"pl-PL\",\"potentialAction\":[{\"@type\":\"ReadAction\",\"target\":[\"https:\/\/krzymark.pl\/blog\/kontakt\/\"]}]},{\"@type\":\"BreadcrumbList\",\"@id\":\"https:\/\/krzymark.pl\/blog\/kontakt\/#breadcrumb\",\"itemListElement\":[{\"@type\":\"ListItem\",\"position\":1,\"name\":\"Strona g\u0142\u00f3wna\",\"item\":\"https:\/\/krzymark.pl\/blog\/\"},{\"@type\":\"ListItem\",\"position\":2,\"name\":\"Kontakt\"}]},{\"@type\":\"WebSite\",\"@id\":\"https:\/\/krzymark.pl\/blog\/#website\",\"url\":\"https:\/\/krzymark.pl\/blog\/\",\"name\":\"Blog - Krzymark \u2606\u2606\u2606 Elektronika, Gad\u017cety, Laptopy, Telefony\",\"description\":\"Blog - Krzymark dla Ciebie - Doradzamy, Podpowiadamy, Inspirujemy. Od 2009 roku na rynku Elektroniki. Porady i Pomys\u0142y - Wejd\u017a - korzystaj za darmo\",\"potentialAction\":[{\"@type\":\"SearchAction\",\"target\":{\"@type\":\"EntryPoint\",\"urlTemplate\":\"https:\/\/krzymark.pl\/blog\/?s={search_term_string}\"},\"query-input\":{\"@type\":\"PropertyValueSpecification\",\"valueRequired\":true,\"valueName\":\"search_term_string\"}}],\"inLanguage\":\"pl-PL\"}]}<\/script>\n<!-- \/ Yoast SEO plugin. -->","yoast_head_json":{"title":"Kontakt - Blog - Krzymark \u2606\u2606\u2606 Elektronika, Gad\u017cety, Laptopy, Telefony","robots":{"index":"index","follow":"follow","max-snippet":"max-snippet:-1","max-image-preview":"max-image-preview:large","max-video-preview":"max-video-preview:-1"},"canonical":"https:\/\/krzymark.pl\/blog\/kontakt\/","og_locale":"pl_PL","og_type":"article","og_title":"Kontakt - Blog - Krzymark \u2606\u2606\u2606 Elektronika, Gad\u017cety, Laptopy, Telefony","og_description":"Zapraszamy do&nbsp;kontaktu:&nbsp; KRZYMARKul. Nizinna 22a, 93-479 \u0141\u00f3d\u017a www.krzymark.plTel.: +42 273 33 53E-mail: sklep@krzymark.plGodziny otwarcia: Poniedzia\u0142ek \u2013 Pi\u0105tek: 07.00 \u2013 16.50, Sobota-Niedziela: nieczynne Reklamacje i zwroty W sprawie reklamacji oraz zwrot\u00f3w, prosimy o zapoznianie si\u0119 z poni\u017cszymi informacjami.","og_url":"https:\/\/krzymark.pl\/blog\/kontakt\/","og_site_name":"Blog - Krzymark \u2606\u2606\u2606 Elektronika, Gad\u017cety, Laptopy, Telefony","article_publisher":"https:\/\/www.facebook.com\/KrzymarkPL","article_modified_time":"2021-12-06T10:47:26+00:00","og_image":[{"width":200,"height":72,"url":"https:\/\/krzymark.pl\/blog\/wp-content\/uploads\/2020\/12\/LOGO.png","type":"image\/png"}],"twitter_card":"summary_large_image","twitter_site":"@krzymarkpl","schema":{"@context":"https:\/\/schema.org","@graph":[{"@type":"WebPage","@id":"https:\/\/krzymark.pl\/blog\/kontakt\/","url":"https:\/\/krzymark.pl\/blog\/kontakt\/","name":"Kontakt - Blog - Krzymark \u2606\u2606\u2606 Elektronika, Gad\u017cety, Laptopy, Telefony","isPartOf":{"@id":"https:\/\/krzymark.pl\/blog\/#website"},"datePublished":"2020-12-14T12:07:50+00:00","dateModified":"2021-12-06T10:47:26+00:00","breadcrumb":{"@id":"https:\/\/krzymark.pl\/blog\/kontakt\/#breadcrumb"},"inLanguage":"pl-PL","potentialAction":[{"@type":"ReadAction","target":["https:\/\/krzymark.pl\/blog\/kontakt\/"]}]},{"@type":"BreadcrumbList","@id":"https:\/\/krzymark.pl\/blog\/kontakt\/#breadcrumb","itemListElement":[{"@type":"ListItem","position":1,"name":"Strona g\u0142\u00f3wna","item":"https:\/\/krzymark.pl\/blog\/"},{"@type":"ListItem","position":2,"name":"Kontakt"}]},{"@type":"WebSite","@id":"https:\/\/krzymark.pl\/blog\/#website","url":"https:\/\/krzymark.pl\/blog\/","name":"Blog - Krzymark \u2606\u2606\u2606 Elektronika, Gad\u017cety, Laptopy, Telefony","description":"Blog - Krzymark dla Ciebie - Doradzamy, Podpowiadamy, Inspirujemy. Od 2009 roku na rynku Elektroniki. Porady i Pomys\u0142y - Wejd\u017a - korzystaj za darmo","potentialAction":[{"@type":"SearchAction","target":{"@type":"EntryPoint","urlTemplate":"https:\/\/krzymark.pl\/blog\/?s={search_term_string}"},"query-input":{"@type":"PropertyValueSpecification","valueRequired":true,"valueName":"search_term_string"}}],"inLanguage":"pl-PL"}]}},"_links":{"self":[{"href":"https:\/\/krzymark.pl\/blog\/wp-json\/wp\/v2\/pages\/7","targetHints":{"allow":["GET"]}}],"collection":[{"href":"https:\/\/krzymark.pl\/blog\/wp-json\/wp\/v2\/pages"}],"about":[{"href":"https:\/\/krzymark.pl\/blog\/wp-json\/wp\/v2\/types\/page"}],"author":[{"embeddable":true,"href":"https:\/\/krzymark.pl\/blog\/wp-json\/wp\/v2\/users\/1"}],"replies":[{"embeddable":true,"href":"https:\/\/krzymark.pl\/blog\/wp-json\/wp\/v2\/comments?post=7"}],"version-history":[{"count":10,"href":"https:\/\/krzymark.pl\/blog\/wp-json\/wp\/v2\/pages\/7\/revisions"}],"predecessor-version":[{"id":3228,"href":"https:\/\/krzymark.pl\/blog\/wp-json\/wp\/v2\/pages\/7\/revisions\/3228"}],"wp:attachment":[{"href":"https:\/\/krzymark.pl\/blog\/wp-json\/wp\/v2\/media?parent=7"}],"curies":[{"name":"wp","href":"https:\/\/api.w.org\/{rel}","templated":true}]}}